{"id":215,"date":"2017-09-17T19:24:29","date_gmt":"2017-09-17T19:24:29","guid":{"rendered":"http:\/\/lukaskeller.net\/?page_id=215"},"modified":"2024-11-24T18:42:06","modified_gmt":"2024-11-24T18:42:06","slug":"holzarbeiten","status":"publish","type":"page","link":"https:\/\/lukaskeller.net\/?page_id=215","title":{"rendered":"Holzarbeiten"},"content":{"rendered":"<p><em><span style=\"font-family: 'courier new', courier, monospace;\"><strong>B\u00fchnenbilder und Objekte<\/strong><\/span><\/em><\/p>\n<p><span style=\"font-family: 'courier new', courier, monospace;\">Holzjonglierkeulen gedrechselt f\u00fcr die <strong>Zirkus Fahraway<\/strong> Produktion <strong>&#8222;Ballett&#8220; <\/strong><a href=\"https:\/\/youtu.be\/2R7MtSbunEU\">https:\/\/youtu.be\/2R7MtSbunEU<\/a><\/span><\/p>\n<p><span style=\"font-family: 'courier new', courier, monospace;\">F\u00fcr <strong>das Junge Theater Biel<\/strong> konnte ich in zwei Produktionen das B\u00fchnenbild bauen. \u201eSchweizerfamilie\u201c 2013, \u201ePeer Gynt\u201c 2014.\u00a0<\/span><\/p>\n<p class=\"font_8\"><a href=\"http:\/\/www.tobs.ch\"><span style=\"font-family: 'courier new', courier, monospace;\">www.tobs.ch<\/span><\/a><\/p>\n<p class=\"font_8\"><span style=\"font-family: 'courier new', courier, monospace;\">F\u00fcr <strong>ein Tanzst\u00fcck von Susanne Nelson<\/strong> 2015 und ein Tanztheater von Luisa Funk 2015 baute ich ebenfalls B\u00fchnenelemente.\u00a0<\/span><\/p>\n<p class=\"font_8\"><span style=\"font-family: 'courier new', courier, monospace;\"><strong>Mika Netser<\/strong> brauchte eine Klavierbank, die als Handstandunterlage dient, 2015.\u00a0<a href=\"http:\/\/www.mikanetser.ch\">www.mikanetser.ch<\/a><\/span><\/p>\n<p class=\"font_8\"><em><span style=\"font-family: 'courier new', courier, monospace;\"><strong>Partyinstallation<\/strong><\/span><\/em><\/p>\n<p class=\"font_8\"><span style=\"font-family: 'courier new', courier, monospace;\"><span class=\"wixGuard\">\u200b<\/span>\u200bF\u00fcr eine Party im Kulturlokal Coupole Biel entwickelte ich mit Nils Sandmeier eine Konstruktion f\u00fcr eine drehende Wandspirale.<\/span><\/p>\n<p class=\"font_8\"><em><strong><span style=\"font-family: 'courier new', courier, monospace;\">Wagenbau<\/span><\/strong><\/em><\/p>\n<p><span style=\"font-family: 'courier new', courier, monospace;\">F\u00fcr den <strong>Circolino Pipistrello<\/strong> habe ich einen Zirkuswagen aufgebaut\u00a0und das nach dem Unfall unversehrte Dach wieder drauf montiert.\u00a0Die Arbeit erfolgte im Winterquartier des Zirkus im T\u00f6sstal bei Wintertur. Mit Hilfe einiger weiterer Handwerk wurde der nostalgische Wagen wieder hergerichtet und f\u00e4hrt nun wieder mit auf Tournee.<\/span><\/p>\n<p><span style=\"font-family: 'courier new', courier, monospace;\"><strong>Der B\u00fchnen-Wohn-Bistrowagen<\/strong> war ein Bauwagen dem ich die Aussenh\u00fclle saniert habe inkl. Kautschukdach. Er wurde bereits als Wohnung und dann als Bistrowagen auf der Kinderbaustelle in Biel gebraucht.<\/span><\/p>\n<p class=\"font_8\"><span style=\"font-family: 'courier new', courier, monospace;\"><strong>Die Kapelle<\/strong> ist ein alter Zirkuswagen aus der DDR mit einem massiven Fahrwerk und einer Eschent\u00e4fer- Verkleidung. Konstruktionsbalken und T\u00e4fer waren teils verfault. Statt abzureissen habe ich erg\u00e4nzt. Den Erker hab ich angebaut um etwas mehr Fl\u00e4che zu gewinnen. Er war f\u00fcnf Saisons auf Tournee mit dem Circolino Pipistrello\u00a0und zwei Saisons bei Karls K\u00fchne Gassenschau als B\u00fchnenwagen im Einsatz.<\/span><\/p>\n<p class=\"font_8\"><strong><em><span style=\"font-family: 'courier new', courier, monospace;\">Diverse Holzarbeiten<\/span><\/em><\/strong><\/p>\n<p class=\"font_8\"><span style=\"font-family: 'courier new', courier, monospace;\">Altbausanierung, Massivholzm\u00f6bel, Drechslerarbeiten, &#8230;<\/span><\/p>\n<p class=\"font_8\">\n","protected":false},"excerpt":{"rendered":"<p>B\u00fchnenbilder und Objekte Holzjonglierkeulen gedrechselt f\u00fcr die Zirkus Fahraway Produktion &#8222;Ballett&#8220; https:\/\/youtu.be\/2R7MtSbunEU F\u00fcr das Junge Theater Biel konnte ich in zwei Produktionen das B\u00fchnenbild bauen. \u201eSchweizerfamilie\u201c 2013, \u201ePeer Gynt\u201c 2014.\u00a0 www.tobs.ch F\u00fcr ein Tanzst\u00fcck von Susanne Nelson 2015 und ein Tanztheater von Luisa Funk 2015 baute ich ebenfalls B\u00fchnenelemente.\u00a0 Mika Netser brauchte eine Klavierbank, die &hellip; <\/p>\n<p class=\"link-more\"><a href=\"https:\/\/lukaskeller.net\/?page_id=215\" class=\"read-more\">Read More<span class=\"screen-reader-text\"> &#8222;Holzarbeiten&#8220;<\/span><\/a><\/p>\n","protected":false},"author":1,"featured_media":0,"parent":0,"menu_order":0,"comment_status":"closed","ping_status":"closed","template":"","meta":{"footnotes":""},"class_list":["post-215","page","type-page","status-publish","hentry"],"aioseo_notices":[],"_links":{"self":[{"href":"https:\/\/lukaskeller.net\/index.php?rest_route=\/wp\/v2\/pages\/215","targetHints":{"allow":["GET"]}}],"collection":[{"href":"https:\/\/lukaskeller.net\/index.php?rest_route=\/wp\/v2\/pages"}],"about":[{"href":"https:\/\/lukaskeller.net\/index.php?rest_route=\/wp\/v2\/types\/page"}],"author":[{"embeddable":true,"href":"https:\/\/lukaskeller.net\/index.php?rest_route=\/wp\/v2\/users\/1"}],"replies":[{"embeddable":true,"href":"https:\/\/lukaskeller.net\/index.php?rest_route=%2Fwp%2Fv2%2Fcomments&post=215"}],"version-history":[{"count":16,"href":"https:\/\/lukaskeller.net\/index.php?rest_route=\/wp\/v2\/pages\/215\/revisions"}],"predecessor-version":[{"id":632,"href":"https:\/\/lukaskeller.net\/index.php?rest_route=\/wp\/v2\/pages\/215\/revisions\/632"}],"wp:attachment":[{"href":"https:\/\/lukaskeller.net\/index.php?rest_route=%2Fwp%2Fv2%2Fmedia&parent=215"}],"curies":[{"name":"wp","href":"https:\/\/api.w.org\/{rel}","templated":true}]}}